9 = -4*x. Let m = -27 + x. Let s = -113 - m. Calculate the highest common factor of s and 58.
29
Suppose -10*d = -20*d. Suppose -5*l = 5*g - 425, d*l = 5*l - g - 437. Suppose 228 = 3*o - l. What is the greatest common factor of 15 and o?
15
Let f(m) = -24*m**3 + m**2 + 64*m + 125. Let h be f(-2). Calculate the highest common factor of h and 9457.
193
Let p be (2*11)/(4*6/(-72)). Let i = p - -70. Suppose -3*t = -x - 56, -i*x - 37 = -t - 0*t. What is the highest common divisor of t and 187?
17
Let t = -261 + 294. Calculate the greatest common factor of 3223 and t.
11
Suppose -5*t = -3*t - 192. Let s = t + -87. Calculate the greatest common factor of 117 and s.
9
Suppose 3*k = -5*d - 108 + 365, 4*d = -2*k + 170. Let w = -39 + k. Let a(t) = 23*t - 105. Let g be a(5). Calculate the greatest common factor of w and g.
10
Suppose -4*s - 261 = -745. Let m = -176 + s. Let a = m - -65. What is the greatest common divisor of a and 2?
2
Let p(m) = 10*m**2 + 45*m - 136. Let w be p(-7). What is the greatest common factor of 3679 and w?
13
Let p be (-74)/(-5) + (-28)/35. Let x(h) = -h**3 + 13*h**2 + 11*h - 34. Let k be x(p). Let v = k - -93. What is the highest common factor of 1 and v?
1
Let u = 8060 - 7628. What is the greatest common divisor of u and 9792?
144
Let p = -37 + -50. Let t = p + 67. Let w be 1*t/(-3)*27/15. Calculate the greatest common divisor of 84 and w.
12
Suppose -c = -5*p - 20 + 2, 4*p + 9 = -c. Let t be 969/19 - (c + 4/(-2)). Suppose -5*a = -t - 10. What is the greatest common factor of a and 12?
12
Suppose -6*l + 780 = -l. Let n = l - 102. Let f = n - 38. Calculate the greatest common factor of f and 16.
16
Suppose 846*o = 880*o - 71162. What is the highest common divisor of 7 and o?
7
Let v be (-4 - (-8)/(-2))*(-75)/(-10). Let w be v/16*-1*(-16)/(-4). Calculate the highest common divisor of w and 21.
3
Let a(k) = -1656*k - 143. Let p be a(-1). What is the highest common divisor of 119 and p?
17
Let o(r) = 71*r**2 + 294*r - 892. Let b be o(3). What is the greatest common divisor of b and 185?
37
Let g = 13 + -5. Suppose -h - 2*c + 100 = 2*c, -3*h + 3*c = -375. Let n = h + -112. Calculate the highest common factor of n and g.
8
Suppose -11 = -3*t - 2. Suppose t*g - 7*w + 2*w - 40 = 0, 0 = -3*g + 3*w + 42. Let h = -570 + 615. Calculate the greatest common factor of g and h.
15
Let d(v) be the first derivative of 2*v**3/3 + 3*v**2 - 60*v + 214. Let k be d(-9). What is the greatest common divisor of k and 384?
48
Let k be 2/((-16)/(-18)) + (-3)/(-4). Suppose -a = k*p - 14, -7*p + 2*a = -3*p - 32. Suppose 55 = p*n - n. What is the greatest common divisor of 33 and n?
11
Let l(j) = 134*j**3 + 2*j - 1. Let q be l(1). Let o be (-4 + (-69)/(-6))*(-5 + (-609)/(-105)). What is the highest common divisor of q and o?
3
Suppose -54 = -d - d. Let j = -246970 - -246979. Calculate the highest common factor of j and d.
9
Suppose -3*f + 6 = -f. Suppose k + f*k = 160. Suppose 9*v + 355 = -49*v + 1283. What is the greatest common factor of v and k?
8
Let f(m) = -m**3 + 3*m**2 - 8*m + 2. Let h be f(4). Let s = 34 + h. Let c = 26 + s. Calculate the greatest common factor of c and 70.
14
Let i be (28/10)/((-118)/(-9440)). Let y(b) = 2*b + 2. Let v be y(-2). Let d = 26 - v. What is the highest common divisor of i and d?
28
Suppose 0 = 5*r - 3*r + 382. Let a be 12/(7 + -6)*-4. Let w be (-1)/(-4 + r/a). What is the greatest common divisor of w and 16?
16
Let g = 214 + -142. Let x be 4/2 - (-12)/2. Suppose x*l - g = 4*l. Calculate the highest common divisor of 36 and l.
18
Let a(x) = 9*x**2 - 2*x. Let k be a(2). Let t(j) = 12*j + 83. Let h be t(-6). Suppose 54 - 10 = h*c. Calculate the greatest common divisor of k and c.
4
Let x(f) be the first derivative of 14*f**2 + 106*f - 57. Let b be x(-2). Calculate the greatest common factor of b and 4.
2
Let q = -18 - -33. Let k be -5*(102/(-15) + 5). Calculate the highest common divisor of q and k.
3
Suppose -n + 4*n = 5*z - 309, 4*z - 250 = n. Calculate the highest common factor of z and 49.
7
Let w(s) = 40*s - 1155. Let p be w(29). What is the greatest common factor of p and 705?
5
Let l(u) = -86*u - 474. Let v be l(-13). Calculate the greatest common factor of 1449 and v.
161
Let k = -4450 - -4570. What is the highest common divisor of 243 and k?
3
Suppose 944 + 965 = 6*v - 1403. What is the greatest common factor of v and 24?
24
Let n be (693/(-539) + (-4)/(-14))*-4*8. Calculate the greatest common divisor of n and 3152.
16
Suppose -4*q + 4*x - 568 = -3060, -5*x = -35. What is the greatest common factor of 360 and q?
90
Suppose 3*d = -25 + 37, 3*d = -2*v - 512. Let o = v - -418. Calculate the greatest common divisor of o and 52.
52
Suppose -7*r - 324 = -16*r - 18*r. What is the greatest common factor of 3012 and r?
12
Let m = 2 - -1. Suppose -m*s + 32 + 568 = 0. Suppose 0*x - 2*b = -3*x + s, 2*x = 5*b + 115. Calculate the greatest common divisor of 14 and x.
14
Suppose -5*y - 4*r = -209, 3*y = 4*r + r + 118. Suppose -45*z = -y*z - 352. Calculate the highest common divisor of z and 33.
11
Let y(r) = r**3 - 5*r**2 + 2*r - 372. Let m be y(17). Calculate the greatest common factor of m and 50.
10
Let w be (-1 - 4)*(-5 + 85/25). Let x(g) = 2*g**2 - 16*g + 51. Let s be x(w). Calculate the greatest common divisor of 17 and s.
17
Suppose 5*n + 56 = t, -3*t + 4*n - 8*n = -206. Suppose -4*f = 4*a + a - 171, -f = 2*a - t. What is the highest common divisor of a and 31?
31
Let r(w) = -73*w - 33. Let o be r(-1). What is the highest common divisor of o and 3320?
40
Let m = -4785 + 4795. Calculate the highest common divisor of m and 125.
5
Let w(n) = 848 - 842 - 7*n**3 + n**2 + 9*n**3 - 2*n. Let x be w(3). Calculate the highest common factor of 7 and x.
7
Let x = 32374 + -31269. Calculate the highest common factor of 255 and x.
85
Let y(j) = j**3 - 6*j**2 + 8*j - 7. Let a be (1*-1 - 1) + 152/19. Let q be y(a). Let x be (14 - 13) + q + 2/1. Calculate the greatest common factor of 11 and x.
11
Let l = -54 - -56. Suppose l*i + 14 = 18. What is the greatest common divisor of 94 and i?
2
Let m be 19/152 + 175/8. Suppose 2*c - 3*c = 2*d - 87, 0 = -3*c - d + 236. Calculate the greatest common factor of m and c.
11
Let u(l) = -145*l + 2. Let r(x) = -290*x + 6. Let z(b) = -2*r(b) + 5*u(b). Let a be z(-1). Calculate the greatest common divisor of a and 11.
11
Suppose -s = -102 - 140. Suppose -304 = n - 4*h + 5*h, 2*n = 5*h - 608. Let b = -282 - n. Calculate the highest common factor of b and s.
22
Let d(z) = z**3 - 12*z**2 + 12*z - 7. Let p be d(11). Suppose -t + 28 = p*x - 5*t, -5*x - 3*t = -11. Calculate the greatest common factor of x and 108.
4
Let x be 330/(-4) - 2/(-4). Let y = x + 232. Suppose -m = 5*p - y, -2*p - 149 = -6*p + 5*m. Calculate the highest common factor of p and 31.
31
Let q be 8862*30/20 - -22. Calculate the greatest common factor of 5 and q.
5
Let x(z) = z**2 - 22*z + 25. Let u be x(21). Suppose 741 = 3*w - 3*a, -2*w + u*a + 500 = 8*a. What is the highest common divisor of 8 and w?
8
Suppose -2*k = -2*p + 3748, 3*p - 5*k + 784 = 6410. Calculate the greatest common factor of p and 572.
52
Suppose 0 = 4*l + 2*m - 1254, 3*l + 34 = 4*m + 991. Calculate the highest common factor of l and 189.
63
Suppose 4*u = -21*u + 5525. Suppose 5*a - 5 = z + 60, 3*a + 5*z - 39 = 0. Calculate the greatest common factor of a and u.
13
Let o be 1/(72/37376) + 2/(-18). Let f = o - 366. What is the highest common divisor of 9 and f?
9
Suppose -4*p + 0*p = -3*m - 2, -5*p = 2*m - 14. Let z be (305/20 - m/8) + 1. Let o be z/(-3)*(-1 + (-2)/4). What is the highest common factor of 40 and o?
8
Let o = -9362 - -9527. Calculate the highest common divisor of o and 1760.
55
Let n(q) = -8*q - 134. Let l be n(-11). Let t = l + 70. Calculate the highest common factor of t and 42.
6
Let o = -6 + 66. Suppose 3*s = o + 18. What is the highest common divisor of 78 and s?
26
Let n be ((-36)/(30/(-5)) + (-306)/12)*-1446. Calculate the highest common divisor of n and 117.
117
Suppose 165 = -1195*n + 1206*n. Let t = -8 - -12. Suppose -7 = t*r - 67. What is the greatest common factor of n and r?
15
Suppose y + 6629 = a, -4*a + 6617 = -3*a - 4*y. What is the highest common factor of 33 and a?
33
Let a be 48068/10 + (-21)/(-113 - -8). What is the highest common